[INFO] fetching crate artemis-normalized-cache 0.1.0-alpha.4...
[INFO] checking artemis-normalized-cache-0.1.0-alpha.4 against try#72f88fc4e9458f89516a0b8b0868f3718aec5b47 for pr-74989
[INFO] extracting crate artemis-normalized-cache 0.1.0-alpha.4 into /workspace/builds/worker-11/source
[INFO] validating manifest of crates.io crate artemis-normalized-cache 0.1.0-alpha.4 on toolchain 72f88fc4e9458f89516a0b8b0868f3718aec5b47
[INFO] running `Command { std: "/workspace/cargo-home/bin/cargo" "+72f88fc4e9458f89516a0b8b0868f3718aec5b47" "read-manifest" "--manifest-path" "Cargo.toml", kill_on_drop: false }`
[INFO] started tweaking crates.io crate artemis-normalized-cache 0.1.0-alpha.4
[INFO] finished tweaking crates.io crate artemis-normalized-cache 0.1.0-alpha.4
[INFO] tweaked toml for crates.io crate artemis-normalized-cache 0.1.0-alpha.4 written to /workspace/builds/worker-11/source/Cargo.toml
[INFO] running `Command { std: "/workspace/cargo-home/bin/cargo" "+72f88fc4e9458f89516a0b8b0868f3718aec5b47" "generate-lockfile" "--manifest-path" "Cargo.toml" "-Zno-index-update", kill_on_drop: false }`
[INFO] running `Command { std: "/workspace/cargo-home/bin/cargo" "+72f88fc4e9458f89516a0b8b0868f3718aec5b47" "fetch" "--locked" "--manifest-path" "Cargo.toml", kill_on_drop: false }`
[INFO] [stderr]     Blocking waiting for file lock on package cache
[INFO] [stderr]     Blocking waiting for file lock on package cache
[INFO] [stderr]  Downloading crates ...
[INFO] [stderr]   Downloaded artemis-codegen-proc-macro v0.1.0-alpha.0
[INFO] [stderr]   Downloaded no-std-compat v0.2.0
[INFO] [stderr]   Downloaded artemis_codegen v0.1.0-alpha.0
[INFO] [stderr]   Downloaded stable-vec v0.4.0
[INFO] [stderr]   Downloaded serde-wasm-bindgen v0.1.3
[INFO] [stderr]   Downloaded racetrack-proc-macro v0.0.1
[INFO] [stderr]   Downloaded racetrack v0.0.2
[INFO] [stderr]   Downloaded flurry v0.1.0
[INFO] [stderr]   Downloaded artemis v0.1.0-alpha.1
[INFO] running `Command { std: "docker" "create" "-v" "/var/lib/crater-agent-workspace/builds/worker-11/target:/opt/rustwide/target:rw,Z" "-v" "/var/lib/crater-agent-workspace/builds/worker-11/source:/opt/rustwide/workdir:ro,Z" "-v" "/var/lib/crater-agent-workspace/cargo-home:/opt/rustwide/cargo-home:ro,Z" "-v" "/var/lib/crater-agent-workspace/rustup-home:/opt/rustwide/rustup-home:ro,Z" "-e" "SOURCE_DIR=/opt/rustwide/workdir" "-e" "CARGO_TARGET_DIR=/opt/rustwide/target" "-e" "CARGO_HOME=/opt/rustwide/cargo-home" "-e" "RUSTUP_HOME=/opt/rustwide/rustup-home" "-w" "/opt/rustwide/workdir" "-m" "1610612736" "--user" "0:0" "--network" "none" "rustops/crates-build-env@sha256:d92eaeed33fa75130ca1ee6c8a01d1ffb62bac859dfdfb3450e3e5d1c0146529" "/opt/rustwide/cargo-home/bin/cargo" "+72f88fc4e9458f89516a0b8b0868f3718aec5b47" "metadata" "--no-deps" "--format-version=1", kill_on_drop: false }`
[INFO] [stdout] 3ec94b45c09211d90ec0574b0e23b25ced51dd158251a06120b5efb52b3a3b37
[INFO] [stderr] WARNING: Your kernel does not support swap limit capabilities or the cgroup is not mounted. Memory limited without swap.
[INFO] running `Command { std: "docker" "start" "-a" "3ec94b45c09211d90ec0574b0e23b25ced51dd158251a06120b5efb52b3a3b37", kill_on_drop: false }`
[INFO] running `Command { std: "docker" "inspect" "3ec94b45c09211d90ec0574b0e23b25ced51dd158251a06120b5efb52b3a3b37", kill_on_drop: false }`
[INFO] running `Command { std: "docker" "rm" "-f" "3ec94b45c09211d90ec0574b0e23b25ced51dd158251a06120b5efb52b3a3b37", kill_on_drop: false }`
[INFO] [stdout] 3ec94b45c09211d90ec0574b0e23b25ced51dd158251a06120b5efb52b3a3b37
[INFO] running `Command { std: "docker" "create" "-v" "/var/lib/crater-agent-workspace/builds/worker-11/target:/opt/rustwide/target:rw,Z" "-v" "/var/lib/crater-agent-workspace/builds/worker-11/source:/opt/rustwide/workdir:ro,Z" "-v" "/var/lib/crater-agent-workspace/cargo-home:/opt/rustwide/cargo-home:ro,Z" "-v" "/var/lib/crater-agent-workspace/rustup-home:/opt/rustwide/rustup-home:ro,Z" "-e" "SOURCE_DIR=/opt/rustwide/workdir" "-e" "CARGO_TARGET_DIR=/opt/rustwide/target" "-e" "CARGO_INCREMENTAL=0" "-e" "RUST_BACKTRACE=full" "-e" "RUSTFLAGS=--cap-lints=forbid" "-e" "CARGO_HOME=/opt/rustwide/cargo-home" "-e" "RUSTUP_HOME=/opt/rustwide/rustup-home" "-w" "/opt/rustwide/workdir" "-m" "1610612736" "--user" "0:0" "--network" "none" "rustops/crates-build-env@sha256:d92eaeed33fa75130ca1ee6c8a01d1ffb62bac859dfdfb3450e3e5d1c0146529" "/opt/rustwide/cargo-home/bin/cargo" "+72f88fc4e9458f89516a0b8b0868f3718aec5b47" "check" "--frozen" "--all" "--all-targets" "--message-format=json", kill_on_drop: false }`
[INFO] [stdout] 53b8f8e651ad647ac85831135692818415c981ba7804311137c5bfa244b2c3d0
[INFO] [stderr] WARNING: Your kernel does not support swap limit capabilities or the cgroup is not mounted. Memory limited without swap.
[INFO] running `Command { std: "docker" "start" "-a" "53b8f8e651ad647ac85831135692818415c981ba7804311137c5bfa244b2c3d0", kill_on_drop: false }`
[INFO] [stderr]     Blocking waiting for file lock on package cache
[INFO] [stderr]    Compiling unicode-xid v0.2.1
[INFO] [stderr]    Compiling syn v1.0.40
[INFO] [stderr]    Compiling autocfg v1.0.1
[INFO] [stderr]     Checking cfg-if v0.1.10
[INFO] [stderr]    Compiling getrandom v0.1.15
[INFO] [stderr]    Compiling memchr v2.3.3
[INFO] [stderr]    Compiling serde_derive v1.0.116
[INFO] [stderr]    Compiling serde v1.0.116
[INFO] [stderr]     Checking lazy_static v1.4.0
[INFO] [stderr]    Compiling byteorder v1.3.4
[INFO] [stderr]    Compiling autocfg v0.1.7
[INFO] [stderr]    Compiling maybe-uninit v2.0.0
[INFO] [stderr]    Compiling rand_core v0.4.2
[INFO] [stderr]    Compiling ryu v1.0.5
[INFO] [stderr]    Compiling siphasher v0.3.3
[INFO] [stderr]    Compiling serde_json v1.0.57
[INFO] [stderr]     Checking slab v0.4.2
[INFO] [stderr]    Compiling ppv-lite86 v0.2.9
[INFO] [stderr]     Checking futures-core v0.3.5
[INFO] [stderr]     Checking itoa v0.4.6
[INFO] [stderr]    Compiling matches v0.1.8
[INFO] [stderr]    Compiling cc v1.0.59
[INFO] [stderr]    Compiling pkg-config v0.3.18
[INFO] [stderr]    Compiling tinyvec v0.3.4
[INFO] [stderr]    Compiling bitflags v1.2.1
[INFO] [stderr]     Checking bytes v0.5.6
[INFO] [stderr]     Checking fnv v1.0.7
[INFO] [stderr]     Checking scopeguard v1.1.0
[INFO] [stderr]    Compiling proc-macro-nested v0.1.6
[INFO] [stderr]    Compiling stable_deref_trait v1.2.0
[INFO] [stderr]     Checking futures-sink v0.3.5
[INFO] [stderr]    Compiling new_debug_unreachable v1.0.4
[INFO] [stderr]    Compiling version_check v0.9.2
[INFO] [stderr]    Compiling precomputed-hash v0.1.1
[INFO] [stderr]    Compiling scopeguard v0.3.3
[INFO] [stderr]    Compiling percent-encoding v1.0.1
[INFO] [stderr]     Checking arc-swap v0.4.7
[INFO] [stderr]     Checking futures-io v0.3.5
[INFO] [stderr]     Checking pin-project-lite v0.1.7
[INFO] [stderr]     Checking pin-utils v0.1.0
[INFO] [stderr]    Compiling if_chain v0.1.3
[INFO] [stderr]     Checking foreign-types-shared v0.1.1
[INFO] [stderr]    Compiling openssl v0.10.30
[INFO] [stderr]    Compiling adler v0.2.3
[INFO] [stderr]    Compiling termcolor v1.1.0
[INFO] [stderr]    Compiling failure_derive v0.1.8
[INFO] [stderr]    Compiling gimli v0.22.0
[INFO] [stderr]    Compiling unicode-width v0.1.8
[INFO] [stderr]    Compiling scoped-tls v1.0.0
[INFO] [stderr]     Checking hashbrown v0.9.0
[INFO] [stderr]    Compiling object v0.20.0
[INFO] [stderr]    Compiling httparse v1.3.4
[INFO] [stderr]    Compiling void v1.0.2
[INFO] [stderr]    Compiling native-tls v0.2.4
[INFO] [stderr]    Compiling rustc-demangle v0.1.16
[INFO] [stderr]    Compiling once_cell v1.4.1
[INFO] [stderr]     Checking smallvec v1.4.2
[INFO] [stderr]    Compiling ascii v0.9.3
[INFO] [stderr]     Checking openssl-probe v0.1.2
[INFO] [stderr]     Checking try-lock v0.2.3
[INFO] [stderr]    Compiling encoding_rs v0.8.24
[INFO] [stderr]     Checking percent-encoding v2.1.0
[INFO] [stderr]    Compiling unicode-segmentation v1.6.0
[INFO] [stderr]     Checking tower-service v0.3.0
[INFO] [stderr]     Checking mime v0.3.16
[INFO] [stderr]     Checking dtoa v0.4.6
[INFO] [stderr]     Checking base64 v0.12.3
[INFO] [stderr]     Checking no-std-compat v0.2.0
[INFO] [stderr]     Checking ipnet v2.3.0
[INFO] [stderr]     Checking regex-syntax v0.6.18
[INFO] [stderr]     Checking same-file v1.0.6
[INFO] [stderr]     Checking oorandom v11.1.2
[INFO] [stderr]     Checking tracing-core v0.1.16
[INFO] [stderr]     Checking thread_local v1.0.1
[INFO] [stderr]    Compiling phf_shared v0.8.0
[INFO] [stderr]    Compiling unicode-bidi v0.3.4
[INFO] [stderr]    Compiling rand_core v0.3.1
[INFO] [stderr]    Compiling rand_jitter v0.1.4
[INFO] [stderr]     Checking lock_api v0.3.4
[INFO] [stderr]    Compiling owning_ref v0.4.1
[INFO] [stderr]     Checking futures-channel v0.3.5
[INFO] [stderr]    Compiling unicode-normalization v0.1.13
[INFO] [stderr]     Checking foreign-types v0.3.2
[INFO] [stderr]    Compiling miniz_oxide v0.4.1
[INFO] [stderr]    Compiling rand_pcg v0.1.2
[INFO] [stderr]    Compiling rand_chacha v0.1.1
[INFO] [stderr]    Compiling rand v0.6.5
[INFO] [stderr]    Compiling hashbrown v0.6.3
[INFO] [stderr]     Checking http v0.2.1
[INFO] [stderr]    Compiling num-traits v0.2.12
[INFO] [stderr]    Compiling num-integer v0.1.43
[INFO] [stderr]    Compiling crossbeam-utils v0.7.2
[INFO] [stderr]    Compiling memoffset v0.5.5
[INFO] [stderr]    Compiling num-bigint v0.2.6
[INFO] [stderr]    Compiling indexmap v1.6.0
[INFO] [stderr]    Compiling crossbeam-epoch v0.8.2
[INFO] [stderr]    Compiling rayon v1.4.0
[INFO] [stderr]    Compiling unreachable v1.0.0
[INFO] [stderr]    Compiling unicase v2.6.0
[INFO] [stderr]     Checking stable-vec v0.4.0
[INFO] [stderr]     Checking textwrap v0.11.0
[INFO] [stderr]    Compiling libc v0.2.77
[INFO] [stderr]    Compiling proc-macro2 v1.0.21
[INFO] [stderr]     Checking log v0.4.11
[INFO] [stderr]     Checking walkdir v2.3.1
[INFO] [stderr]    Compiling rand_isaac v0.1.1
[INFO] [stderr]    Compiling rand_xorshift v0.1.1
[INFO] [stderr]    Compiling rand_hc v0.1.0
[INFO] [stderr]    Compiling heck v0.3.1
[INFO] [stderr]    Compiling lock_api v0.1.5
[INFO] [stderr]     Checking num_cpus v1.13.0
[INFO] [stderr]     Checking net2 v0.2.35
[INFO] [stderr]     Checking iovec v0.1.4
[INFO] [stderr]     Checking signal-hook-registry v1.2.1
[INFO] [stderr]     Checking time v0.1.44
[INFO] [stderr]     Checking parking_lot_core v0.7.2
[INFO] [stderr]     Checking socket2 v0.3.15
[INFO] [stderr]     Checking atty v0.2.14
[INFO] [stderr]    Compiling parking_lot_core v0.4.0
[INFO] [stderr]    Compiling cast v0.2.3
[INFO] [stderr]     Checking tracing v0.1.19
[INFO] [stderr]     Checking want v0.3.0
[INFO] [stderr]    Compiling smallvec v0.6.13
[INFO] [stderr]    Compiling idna v0.1.5
[INFO] [stderr]    Compiling openssl-sys v0.9.58
[INFO] [stderr]     Checking aho-corasick v0.7.13
[INFO] [stderr]     Checking csv-core v0.1.10
[INFO] [stderr]     Checking clap v2.33.3
[INFO] [stderr]    Compiling quote v1.0.7
[INFO] [stderr]    Compiling rand_os v0.1.3
[INFO] [stderr]    Compiling base64 v0.10.1
[INFO] [stderr]    Compiling fxhash v0.2.1
[INFO] [stderr]    Compiling combine v3.8.1
[INFO] [stderr]     Checking regex-automata v0.1.9
[INFO] [stderr]     Checking idna v0.2.0
[INFO] [stderr]     Checking rand_core v0.5.1
[INFO] [stderr]     Checking mio v0.6.22
[INFO] [stderr]     Checking parking_lot v0.10.2
[INFO] [stderr]    Compiling const-random-macro v0.1.8
[INFO] [stderr]    Compiling url v1.7.2
[INFO] [stderr]     Checking http-body v0.3.1
[INFO] [stderr]    Compiling addr2line v0.13.0
[INFO] [stderr]     Checking crossbeam-channel v0.4.4
[INFO] [stderr]     Checking regex v1.3.9
[INFO] [stderr]     Checking type-map v0.3.0
[INFO] [stderr]     Checking plotters v0.2.15
[INFO] [stderr]     Checking rand_chacha v0.2.2
[INFO] [stderr]     Checking rand_pcg v0.2.1
[INFO] [stderr]    Compiling mime_guess v2.0.3
[INFO] [stderr]    Compiling backtrace v0.3.50
[INFO] [stderr]     Checking url v2.1.1
[INFO] [stderr]     Checking crossbeam-deque v0.7.3
[INFO] [stderr]     Checking mio-uds v0.6.8
[INFO] [stderr]     Checking criterion-plot v0.4.3
[INFO] [stderr]     Checking rand v0.7.3
[INFO] [stderr]     Checking chrono v0.4.15
[INFO] [stderr]    Compiling const-random v0.1.8
[INFO] [stderr]     Checking rayon-core v1.8.0
[INFO] [stderr]    Compiling ahash v0.3.8
[INFO] [stderr]    Compiling ahash v0.2.18
[INFO] [stderr]    Compiling parking_lot v0.7.1
[INFO] [stderr]     Checking flurry v0.1.0
[INFO] [stderr]    Compiling dashmap v3.5.1
[INFO] [stderr]    Compiling phf_generator v0.8.0
[INFO] [stderr]    Compiling string_cache_codegen v0.5.1
[INFO] [stderr]    Compiling swc_atoms v0.2.2
[INFO] [stderr]    Compiling pmutil v0.5.3
[INFO] [stderr]    Compiling darling_core v0.10.2
[INFO] [stderr]    Compiling synstructure v0.12.4
[INFO] [stderr]    Compiling swc_macros_common v0.3.1
[INFO] [stderr]    Compiling pin-project-internal v0.4.23
[INFO] [stderr]    Compiling tokio-macros v0.2.5
[INFO] [stderr]    Compiling futures-macro v0.3.5
[INFO] [stderr]    Compiling from_variant v0.1.2
[INFO] [stderr]    Compiling string_enum v0.3.0
[INFO] [stderr]    Compiling enum_kind v0.2.0
[INFO] [stderr]    Compiling swc_ecma_parser_macros v0.4.1
[INFO] [stderr]    Compiling async-trait v0.1.40
[INFO] [stderr]    Compiling racetrack-proc-macro v0.0.1
[INFO] [stderr]    Compiling darling_macro v0.10.2
[INFO] [stderr]    Compiling failure v0.1.8
[INFO] [stderr]    Compiling graphql-parser v0.2.3
[INFO] [stderr]     Checking tokio v0.2.22
[INFO] [stderr]     Checking racetrack v0.0.2
[INFO] [stderr]    Compiling darling v0.10.2
[INFO] [stderr]    Compiling ast_node v0.6.1
[INFO] [stderr]     Checking pin-project v0.4.23
[INFO] [stderr]     Checking futures-util v0.3.5
[INFO] [stderr]     Checking tokio-util v0.3.1
[INFO] [stderr]     Checking tokio-tls v0.3.1
[INFO] [stderr]     Checking futures-executor v0.3.5
[INFO] [stderr]     Checking h2 v0.2.6
[INFO] [stderr]     Checking futures v0.3.5
[INFO] [stderr]     Checking serde_urlencoded v0.6.1
[INFO] [stderr]     Checking bincode v1.3.1
[INFO] [stderr]     Checking bstr v0.2.13
[INFO] [stderr]     Checking serde_cbor v0.11.1
[INFO] [stderr]    Compiling string_cache v0.8.0
[INFO] [stderr]    Compiling dprint-core v0.12.0
[INFO] [stderr]     Checking hyper v0.13.7
[INFO] [stderr]     Checking csv v1.1.3
[INFO] [stderr]     Checking tinytemplate v1.1.0
[INFO] [stderr]     Checking criterion v0.3.3
[INFO] [stderr]    Compiling sourcemap v5.0.0
[INFO] [stderr]    Compiling swc_common v0.5.9
[INFO] [stderr]     Checking hyper-tls v0.4.3
[INFO] [stderr]    Compiling swc_ecma_ast v0.18.1
[INFO] [stderr]     Checking reqwest v0.10.8
[INFO] [stderr]    Compiling swc_ecma_parser v0.21.9
[INFO] [stderr]    Compiling dprint-plugin-typescript v0.9.11
[INFO] [stderr]    Compiling artemis_codegen v0.1.0-alpha.0
[INFO] [stderr]    Compiling artemis-codegen-proc-macro v0.1.0-alpha.0
[INFO] [stderr]     Checking artemis v0.1.0-alpha.1
[INFO] [stderr]     Checking artemis-normalized-cache v0.1.0-alpha.4 (/opt/rustwide/workdir)
[INFO] [stdout] error[E0433]: failed to resolve: use of undeclared type or module `artemis_test`
[INFO] [stdout]   --> src/cache_exchange/tests.rs:12:5
[INFO] [stdout]    |
[INFO] [stdout] 12 | use artemis_test::{
[INFO] [stdout]    |     ^^^^^^^^^^^^ use of undeclared type or module `artemis_test`
[INFO] [stdout] 
[INFO] [stdout] 
[INFO] [stdout] error[E0433]: failed to resolve: use of undeclared type or module `get_conferences`
[INFO] [stdout]    --> src/cache_exchange/tests.rs:174:30
[INFO] [stdout]     |
[INFO] [stdout] 174 |             let data_multi = get_conferences::ResponseData {
[INFO] [stdout]     |                              ^^^^^^^^^^^^^^^ use of undeclared type or module `get_conferences`
[INFO] [stdout] 
[INFO] [stdout] 
[INFO] [stdout] error[E0433]: failed to resolve: use of undeclared type or module `get_conferences`
[INFO] [stdout]    --> src/cache_exchange/tests.rs:200:63
[INFO] [stdout]     |
[INFO] [stdout] 200 |     let operation_multiple = make_op_with_key(GetConferences, get_conferences::Variables, 2);
[INFO] [stdout]     |                                                               ^^^^^^^^^^^^^^^ use of undeclared type or module `get_conferences`
[INFO] [stdout] 
[INFO] [stdout] 
[INFO] [stdout] error[E0433]: failed to resolve: use of undeclared type or module `add_conference`
[INFO] [stdout]    --> src/cache_exchange/tests.rs:317:33
[INFO] [stdout]     |
[INFO] [stdout] 317 |             let data_mutation = add_conference::ResponseData {
[INFO] [stdout]     |                                 ^^^^^^^^^^^^^^ use of undeclared type or module `add_conference`
[INFO] [stdout] 
[INFO] [stdout] 
[INFO] [stdout] error[E0433]: failed to resolve: use of undeclared type or module `add_conference`
[INFO] [stdout]    --> src/cache_exchange/tests.rs:338:5
[INFO] [stdout]     |
[INFO] [stdout] 338 |     #[track_with(tracker)]
[INFO] [stdout]     |     ^^^^^^^^^^^^^^^^^^^^^^ use of undeclared type or module `add_conference`
[INFO] [stdout] 
[INFO] [stdout] 
[INFO] [stdout] error[E0433]: failed to resolve: use of undeclared type or module `add_conference`
[INFO] [stdout]    --> src/cache_exchange/tests.rs:363:25
[INFO] [stdout]     |
[INFO] [stdout] 363 |         let variables = add_conference::Variables {
[INFO] [stdout]     |                         ^^^^^^^^^^^^^^ use of undeclared type or module `add_conference`
[INFO] [stdout] 
[INFO] [stdout] 
[INFO] [stdout] error[E0433]: failed to resolve: use of undeclared type or module `add_conference`
[INFO] [stdout]    --> src/cache_exchange/tests.rs:410:31
[INFO] [stdout]     |
[INFO] [stdout] 410 |     fn optimistic() -> Option<add_conference::ResponseData> {
[INFO] [stdout]     |                               ^^^^^^^^^^^^^^ use of undeclared type or module `add_conference`
[INFO] [stdout] 
[INFO] [stdout] 
[INFO] [stdout] error[E0433]: failed to resolve: use of undeclared type or module `add_conference`
[INFO] [stdout]    --> src/cache_exchange/tests.rs:411:14
[INFO] [stdout]     |
[INFO] [stdout] 411 |         Some(add_conference::ResponseData {
[INFO] [stdout]     |              ^^^^^^^^^^^^^^ use of undeclared type or module `add_conference`
[INFO] [stdout] 
[INFO] [stdout] 
[INFO] [stdout] error[E0433]: failed to resolve: use of undeclared type or module `add_conference`
[INFO] [stdout]    --> src/cache_exchange/tests.rs:423:23
[INFO] [stdout]     |
[INFO] [stdout] 423 |         data: &Option<add_conference::ResponseData>,
[INFO] [stdout]     |                       ^^^^^^^^^^^^^^ use of undeclared type or module `add_conference`
[INFO] [stdout] 
[INFO] [stdout] 
[INFO] [stdout] error[E0433]: failed to resolve: use of undeclared type or module `get_conferences`
[INFO] [stdout]    --> src/cache_exchange/tests.rs:431:17
[INFO] [stdout]     |
[INFO] [stdout] 431 |                 get_conferences::Variables,
[INFO] [stdout]     |                 ^^^^^^^^^^^^^^^ use of undeclared type or module `get_conferences`
[INFO] [stdout] 
[INFO] [stdout] 
[INFO] [stdout] error[E0433]: failed to resolve: use of undeclared type or module `get_conferences`
[INFO] [stdout]    --> src/cache_exchange/tests.rs:434:30
[INFO] [stdout]     |
[INFO] [stdout] 434 |                         Some(get_conferences::ResponseData {
[INFO] [stdout]     |                              ^^^^^^^^^^^^^^^ use of undeclared type or module `get_conferences`
[INFO] [stdout] 
[INFO] [stdout] 
[INFO] [stdout] error[E0433]: failed to resolve: use of undeclared type or module `get_conferences`
[INFO] [stdout]    --> src/cache_exchange/tests.rs:456:17
[INFO] [stdout]     |
[INFO] [stdout] 456 |                 get_conferences::Variables,
[INFO] [stdout]     |                 ^^^^^^^^^^^^^^^ use of undeclared type or module `get_conferences`
[INFO] [stdout] 
[INFO] [stdout] 
[INFO] [stdout] error[E0433]: failed to resolve: use of undeclared type or module `get_conferences`
[INFO] [stdout]    --> src/cache_exchange/tests.rs:459:30
[INFO] [stdout]     |
[INFO] [stdout] 459 |                         Some(get_conferences::ResponseData {
[INFO] [stdout]     |                              ^^^^^^^^^^^^^^^ use of undeclared type or module `get_conferences`
[INFO] [stdout] 
[INFO] [stdout] 
[INFO] [stdout] error[E0433]: failed to resolve: use of undeclared type or module `get_conferences`
[INFO] [stdout]    --> src/cache_exchange/tests.rs:471:49
[INFO] [stdout]     |
[INFO] [stdout] 471 |     let operation_one = make_op(GetConferences, get_conferences::Variables);
[INFO] [stdout]     |                                                 ^^^^^^^^^^^^^^^ use of undeclared type or module `get_conferences`
[INFO] [stdout] 
[INFO] [stdout] 
[INFO] [stdout] error[E0433]: failed to resolve: use of undeclared type or module `add_conference`
[INFO] [stdout]    --> src/cache_exchange/tests.rs:472:30
[INFO] [stdout]     |
[INFO] [stdout] 472 |     let variables_mutation = add_conference::Variables {
[INFO] [stdout]     |                              ^^^^^^^^^^^^^^ use of undeclared type or module `add_conference`
[INFO] [stdout] 
[INFO] [stdout] 
[INFO] [stdout] error[E0433]: failed to resolve: use of undeclared type or module `get_conferences`
[INFO] [stdout]    --> src/cache_exchange/tests.rs:507:28
[INFO] [stdout]     |
[INFO] [stdout] 507 |             let data_one = get_conferences::ResponseData {
[INFO] [stdout]     |                            ^^^^^^^^^^^^^^^ use of undeclared type or module `get_conferences`
[INFO] [stdout] 
[INFO] [stdout] 
[INFO] [stdout] error[E0422]: cannot find struct, variant or union type `ResponseData` in this scope
[INFO] [stdout]    --> src/cache_exchange/tests.rs:73:33
[INFO] [stdout]     |
[INFO] [stdout] 73  |             let response_data = ResponseData {
[INFO] [stdout]     |                                 ^^^^^^^^^^^^ help: a struct with a similar name exists: `Response`
[INFO] [stdout]     | 
[INFO] [stdout]    ::: /opt/rustwide/cargo-home/registry/src/github.com-1ecc6299db9ec823/artemis-0.1.0-alpha.1/src/lib.rs:240:1
[INFO] [stdout]     |
[INFO] [stdout] 240 | pub struct Response<Data: Clone> {
[INFO] [stdout]     | -------------------------------- similarly named struct `Response` defined here
[INFO] [stdout] 
[INFO] [stdout] 
[INFO] [stdout] error[E0422]: cannot find struct, variant or union type `GetConferenceConference` in this scope
[INFO] [stdout]   --> src/cache_exchange/tests.rs:74:34
[INFO] [stdout]    |
[INFO] [stdout] 74 |                 conference: Some(GetConferenceConference {
[INFO] [stdout]    |                                  ^^^^^^^^^^^^^^^^^^^^^^^ not found in this scope
[INFO] [stdout] 
[INFO] [stdout] 
[INFO] [stdout] error[E0422]: cannot find struct, variant or union type `Variables` in this scope
[INFO] [stdout]   --> src/cache_exchange/tests.rs:89:21
[INFO] [stdout]    |
[INFO] [stdout] 89 |     let variables = Variables {
[INFO] [stdout]    |                     ^^^^^^^^^ not found in this scope
[INFO] [stdout] 
[INFO] [stdout] 
[INFO] [stdout] error[E0425]: cannot find value `GetConference` in this scope
[INFO] [stdout]   --> src/cache_exchange/tests.rs:93:38
[INFO] [stdout]    |
[INFO] [stdout] 93 |     let operation = make_op_with_key(GetConference, variables.clone(), 1);
[INFO] [stdout]    |                                      ^^^^^^^^^^^^^ not found in this scope
[INFO] [stdout] 
[INFO] [stdout] 
[INFO] [stdout] error[E0412]: cannot find type `GetConference` in this scope
[INFO] [stdout]   --> src/cache_exchange/tests.rs:97:16
[INFO] [stdout]    |
[INFO] [stdout] 64 | async fn writes_queries_to_cache() {
[INFO] [stdout]    |                                 - help: you might be missing a type parameter: `<GetConference>`
[INFO] [stdout] ...
[INFO] [stdout] 97 |         .run::<GetConference, _>(operation.clone(), client.clone())
[INFO] [stdout]    |                ^^^^^^^^^^^^^ not found in this scope
[INFO] [stdout] 
[INFO] [stdout] 
[INFO] [stdout] error[E0412]: cannot find type `GetConference` in this scope
[INFO] [stdout]    --> src/cache_exchange/tests.rs:101:16
[INFO] [stdout]     |
[INFO] [stdout] 64  | async fn writes_queries_to_cache() {
[INFO] [stdout]     |                                 - help: you might be missing a type parameter: `<GetConference>`
[INFO] [stdout] ...
[INFO] [stdout] 101 |         .run::<GetConference, _>(operation.clone(), client.clone())
[INFO] [stdout]     |                ^^^^^^^^^^^^^ not found in this scope
[INFO] [stdout] 
[INFO] [stdout] 
[INFO] [stdout] error[E0422]: cannot find struct, variant or union type `ResponseData` in this scope
[INFO] [stdout]    --> src/cache_exchange/tests.rs:166:31
[INFO] [stdout]     |
[INFO] [stdout] 166 |             let data_single = ResponseData {
[INFO] [stdout]     |                               ^^^^^^^^^^^^ help: a struct with a similar name exists: `Response`
[INFO] [stdout]     | 
[INFO] [stdout]    ::: /opt/rustwide/cargo-home/registry/src/github.com-1ecc6299db9ec823/artemis-0.1.0-alpha.1/src/lib.rs:240:1
[INFO] [stdout]     |
[INFO] [stdout] 240 | pub struct Response<Data: Clone> {
[INFO] [stdout]     | -------------------------------- similarly named struct `Response` defined here
[INFO] [stdout] 
[INFO] [stdout] 
[INFO] [stdout] error[E0422]: cannot find struct, variant or union type `GetConferenceConference` in this scope
[INFO] [stdout]    --> src/cache_exchange/tests.rs:167:34
[INFO] [stdout]     |
[INFO] [stdout] 167 |                 conference: Some(GetConferenceConference {
[INFO] [stdout]     |                                  ^^^^^^^^^^^^^^^^^^^^^^^ not found in this scope
[INFO] [stdout] 
[INFO] [stdout] 
[INFO] [stdout] error[E0422]: cannot find struct, variant or union type `GetConferencesConferences` in this scope
[INFO] [stdout]    --> src/cache_exchange/tests.rs:175:40
[INFO] [stdout]     |
[INFO] [stdout] 175 |                 conferences: Some(vec![GetConferencesConferences {
[INFO] [stdout]     |                                        ^^^^^^^^^^^^^^^^^^^^^^^^^ not found in this scope
[INFO] [stdout] 
[INFO] [stdout] 
[INFO] [stdout] error[E0422]: cannot find struct, variant or union type `Variables` in this scope
[INFO] [stdout]    --> src/cache_exchange/tests.rs:196:21
[INFO] [stdout]     |
[INFO] [stdout] 196 |     let variables = Variables {
[INFO] [stdout]     |                     ^^^^^^^^^ not found in this scope
[INFO] [stdout] 
[INFO] [stdout] 
[INFO] [stdout] error[E0425]: cannot find value `GetConference` in this scope
[INFO] [stdout]    --> src/cache_exchange/tests.rs:199:45
[INFO] [stdout]     |
[INFO] [stdout] 199 |     let operation_single = make_op_with_key(GetConference, variables, 1);
[INFO] [stdout]     |                                             ^^^^^^^^^^^^^ not found in this scope
[INFO] [stdout] 
[INFO] [stdout] 
[INFO] [stdout] error[E0425]: cannot find value `GetConferences` in this scope
[INFO] [stdout]    --> src/cache_exchange/tests.rs:200:47
[INFO] [stdout]     |
[INFO] [stdout] 200 |     let operation_multiple = make_op_with_key(GetConferences, get_conferences::Variables, 2);
[INFO] [stdout]     |                                               ^^^^^^^^^^^^^^ not found in this scope
[INFO] [stdout] 
[INFO] [stdout] 
[INFO] [stdout] error[E0412]: cannot find type `GetConference` in this scope
[INFO] [stdout]    --> src/cache_exchange/tests.rs:211:16
[INFO] [stdout]     |
[INFO] [stdout] 152 | async fn updates_related_queries() {
[INFO] [stdout]     |                                 - help: you might be missing a type parameter: `<GetConference>`
[INFO] [stdout] ...
[INFO] [stdout] 211 |         .run::<GetConference, _>(operation_single, client.clone())
[INFO] [stdout]     |                ^^^^^^^^^^^^^ not found in this scope
[INFO] [stdout] 
[INFO] [stdout] 
[INFO] [stdout] error[E0412]: cannot find type `GetConferences` in this scope
[INFO] [stdout]    --> src/cache_exchange/tests.rs:217:16
[INFO] [stdout]     |
[INFO] [stdout] 152 | async fn updates_related_queries() {
[INFO] [stdout]     |                                 - help: you might be missing a type parameter: `<GetConferences>`
[INFO] [stdout] ...
[INFO] [stdout] 217 |         .run::<GetConferences, _>(operation_multiple, client.clone())
[INFO] [stdout]     |                ^^^^^^^^^^^^^^ not found in this scope
[INFO] [stdout] 
[INFO] [stdout] 
[INFO] [stdout] error[E0422]: cannot find struct, variant or union type `ResponseData` in this scope
[INFO] [stdout]    --> src/cache_exchange/tests.rs:240:28
[INFO] [stdout]     |
[INFO] [stdout] 240 |             let data_one = ResponseData {
[INFO] [stdout]     |                            ^^^^^^^^^^^^ help: a struct with a similar name exists: `Response`
[INFO] [stdout]     | 
[INFO] [stdout]    ::: /opt/rustwide/cargo-home/registry/src/github.com-1ecc6299db9ec823/artemis-0.1.0-alpha.1/src/lib.rs:240:1
[INFO] [stdout]     |
[INFO] [stdout] 240 | pub struct Response<Data: Clone> {
[INFO] [stdout]     | -------------------------------- similarly named struct `Response` defined here
[INFO] [stdout] 
[INFO] [stdout] 
[INFO] [stdout] error[E0422]: cannot find struct, variant or union type `GetConferenceConference` in this scope
[INFO] [stdout]    --> src/cache_exchange/tests.rs:241:34
[INFO] [stdout]     |
[INFO] [stdout] 241 |                 conference: Some(GetConferenceConference {
[INFO] [stdout]     |                                  ^^^^^^^^^^^^^^^^^^^^^^^ not found in this scope
[INFO] [stdout] 
[INFO] [stdout] 
[INFO] [stdout] error[E0422]: cannot find struct, variant or union type `ResponseData` in this scope
[INFO] [stdout]    --> src/cache_exchange/tests.rs:248:34
[INFO] [stdout]     |
[INFO] [stdout] 248 |             let data_unrelated = ResponseData {
[INFO] [stdout]     |                                  ^^^^^^^^^^^^ help: a struct with a similar name exists: `Response`
[INFO] [stdout]     | 
[INFO] [stdout]    ::: /opt/rustwide/cargo-home/registry/src/github.com-1ecc6299db9ec823/artemis-0.1.0-alpha.1/src/lib.rs:240:1
[INFO] [stdout]     |
[INFO] [stdout] 240 | pub struct Response<Data: Clone> {
[INFO] [stdout]     | -------------------------------- similarly named struct `Response` defined here
[INFO] [stdout] 
[INFO] [stdout] 
[INFO] [stdout] error[E0422]: cannot find struct, variant or union type `GetConferenceConference` in this scope
[INFO] [stdout]    --> src/cache_exchange/tests.rs:249:34
[INFO] [stdout]     |
[INFO] [stdout] 249 |                 conference: Some(GetConferenceConference {
[INFO] [stdout]     |                                  ^^^^^^^^^^^^^^^^^^^^^^^ not found in this scope
[INFO] [stdout] 
[INFO] [stdout] 
[INFO] [stdout] error[E0422]: cannot find struct, variant or union type `Variables` in this scope
[INFO] [stdout]    --> src/cache_exchange/tests.rs:268:21
[INFO] [stdout]     |
[INFO] [stdout] 268 |     let variables = Variables {
[INFO] [stdout]     |                     ^^^^^^^^^ not found in this scope
[INFO] [stdout] 
[INFO] [stdout] 
[INFO] [stdout] error[E0422]: cannot find struct, variant or union type `Variables` in this scope
[INFO] [stdout]    --> src/cache_exchange/tests.rs:271:31
[INFO] [stdout]     |
[INFO] [stdout] 271 |     let variables_unrelated = Variables {
[INFO] [stdout]     |                               ^^^^^^^^^ not found in this scope
[INFO] [stdout] 
[INFO] [stdout] 
[INFO] [stdout] error[E0425]: cannot find value `GetConference` in this scope
[INFO] [stdout]    --> src/cache_exchange/tests.rs:274:42
[INFO] [stdout]     |
[INFO] [stdout] 274 |     let operation_one = make_op_with_key(GetConference, variables, 1);
[INFO] [stdout]     |                                          ^^^^^^^^^^^^^ not found in this scope
[INFO] [stdout] 
[INFO] [stdout] 
[INFO] [stdout] error[E0425]: cannot find value `GetConference` in this scope
[INFO] [stdout]    --> src/cache_exchange/tests.rs:275:48
[INFO] [stdout]     |
[INFO] [stdout] 275 |     let operation_unrelated = make_op_with_key(GetConference, variables_unrelated, 2);
[INFO] [stdout]     |                                                ^^^^^^^^^^^^^ not found in this scope
[INFO] [stdout] 
[INFO] [stdout] 
[INFO] [stdout] error[E0412]: cannot find type `GetConference` in this scope
[INFO] [stdout]    --> src/cache_exchange/tests.rs:283:16
[INFO] [stdout]     |
[INFO] [stdout] 228 | async fn does_nothing_when_no_related_queries_have_changed() {
[INFO] [stdout]     |                                                           - help: you might be missing a type parameter: `<GetConference>`
[INFO] [stdout] ...
[INFO] [stdout] 283 |         .run::<GetConference, _>(operation_one.clone(), client.clone())
[INFO] [stdout]     |                ^^^^^^^^^^^^^ not found in this scope
[INFO] [stdout] 
[INFO] [stdout] 
[INFO] [stdout] error[E0412]: cannot find type `GetConference` in this scope
[INFO] [stdout]    --> src/cache_exchange/tests.rs:288:16
[INFO] [stdout]     |
[INFO] [stdout] 228 | async fn does_nothing_when_no_related_queries_have_changed() {
[INFO] [stdout]     |                                                           - help: you might be missing a type parameter: `<GetConference>`
[INFO] [stdout] ...
[INFO] [stdout] 288 |         .run::<GetConference, _>(operation_unrelated.clone(), client.clone())
[INFO] [stdout]     |                ^^^^^^^^^^^^^ not found in this scope
[INFO] [stdout] 
[INFO] [stdout] 
[INFO] [stdout] error[E0422]: cannot find struct, variant or union type `ResponseData` in this scope
[INFO] [stdout]    --> src/cache_exchange/tests.rs:309:28
[INFO] [stdout]     |
[INFO] [stdout] 309 |             let data_one = ResponseData {
[INFO] [stdout]     |                            ^^^^^^^^^^^^ help: a struct with a similar name exists: `Response`
[INFO] [stdout]     | 
[INFO] [stdout]    ::: /opt/rustwide/cargo-home/registry/src/github.com-1ecc6299db9ec823/artemis-0.1.0-alpha.1/src/lib.rs:240:1
[INFO] [stdout]     |
[INFO] [stdout] 240 | pub struct Response<Data: Clone> {
[INFO] [stdout]     | -------------------------------- similarly named struct `Response` defined here
[INFO] [stdout] 
[INFO] [stdout] 
[INFO] [stdout] error[E0422]: cannot find struct, variant or union type `GetConferenceConference` in this scope
[INFO] [stdout]    --> src/cache_exchange/tests.rs:310:34
[INFO] [stdout]     |
[INFO] [stdout] 310 |                 conference: Some(GetConferenceConference {
[INFO] [stdout]     |                                  ^^^^^^^^^^^^^^^^^^^^^^^ not found in this scope
[INFO] [stdout] 
[INFO] [stdout] 
[INFO] [stdout] error[E0422]: cannot find struct, variant or union type `AddConferenceAddConference` in this scope
[INFO] [stdout]    --> src/cache_exchange/tests.rs:318:38
[INFO] [stdout]     |
[INFO] [stdout] 318 |                 add_conference: Some(AddConferenceAddConference {
[INFO] [stdout]     |                                      ^^^^^^^^^^^^^^^^^^^^^^^^^^ not found in this scope
[INFO] [stdout] 
[INFO] [stdout] 
[INFO] [stdout] error[E0422]: cannot find struct, variant or union type `AddConferenceAddConference` in this scope
[INFO] [stdout]    --> src/cache_exchange/tests.rs:338:5
[INFO] [stdout]     |
[INFO] [stdout] 338 |     #[track_with(tracker)]
[INFO] [stdout]     |     ^^^^^^^^^^^^^^^^^^^^^^ not found in this scope
[INFO] [stdout] 
[INFO] [stdout] 
[INFO] [stdout] error[E0425]: cannot find value `GetConference` in this scope
[INFO] [stdout]    --> src/cache_exchange/tests.rs:356:9
[INFO] [stdout]     |
[INFO] [stdout] 356 |         GetConference,
[INFO] [stdout]     |         ^^^^^^^^^^^^^ not found in this scope
[INFO] [stdout] 
[INFO] [stdout] 
[INFO] [stdout] error[E0422]: cannot find struct, variant or union type `Variables` in this scope
[INFO] [stdout]    --> src/cache_exchange/tests.rs:357:9
[INFO] [stdout]     |
[INFO] [stdout] 357 |         Variables {
[INFO] [stdout]     |         ^^^^^^^^^ not found in this scope
[INFO] [stdout] 
[INFO] [stdout] 
[INFO] [stdout] error[E0412]: cannot find type `AddConference` in this scope
[INFO] [stdout]    --> src/cache_exchange/tests.rs:367:30
[INFO] [stdout]     |
[INFO] [stdout] 367 |         let (query, meta) = <AddConference as GraphQLQuery>::build_query(variables);
[INFO] [stdout]     |                              ^^^^^^^^^^^^^ not found in this scope
[INFO] [stdout] 
[INFO] [stdout] 
[INFO] [stdout] error[E0412]: cannot find type `AddConference` in this scope
[INFO] [stdout]    --> src/cache_exchange/tests.rs:369:65
[INFO] [stdout]     |
[INFO] [stdout] 296 | async fn writes_optimistic_mutations_to_the_cache() {
[INFO] [stdout]     |                                                  - help: you might be missing a type parameter: `<AddConference>`
[INFO] [stdout] ...
[INFO] [stdout] 369 |             NormalizedCacheExtension::new().optimistic_result::<AddConference, _>(optimistic);
[INFO] [stdout]     |                                                                 ^^^^^^^^^^^^^ not found in this scope
[INFO] [stdout] 
[INFO] [stdout] 
[INFO] [stdout] error[E0412]: cannot find type `GetConference` in this scope
[INFO] [stdout]    --> src/cache_exchange/tests.rs:387:16
[INFO] [stdout]     |
[INFO] [stdout] 296 | async fn writes_optimistic_mutations_to_the_cache() {
[INFO] [stdout]     |                                                  - help: you might be missing a type parameter: `<GetConference>`
[INFO] [stdout] ...
[INFO] [stdout] 387 |         .run::<GetConference, _>(op_one.clone(), client.clone())
[INFO] [stdout]     |                ^^^^^^^^^^^^^ not found in this scope
[INFO] [stdout] 
[INFO] [stdout] 
[INFO] [stdout] error[E0412]: cannot find type `AddConference` in this scope
[INFO] [stdout]    --> src/cache_exchange/tests.rs:392:16
[INFO] [stdout]     |
[INFO] [stdout] 296 | async fn writes_optimistic_mutations_to_the_cache() {
[INFO] [stdout]     |                                                  - help: you might be missing a type parameter: `<AddConference>`
[INFO] [stdout] ...
[INFO] [stdout] 392 |         .run::<AddConference, _>(op_mut.clone(), client.clone())
[INFO] [stdout]     |                ^^^^^^^^^^^^^ not found in this scope
[INFO] [stdout] 
[INFO] [stdout] 
[INFO] [stdout] error[E0422]: cannot find struct, variant or union type `AddConferenceAddConference` in this scope
[INFO] [stdout]    --> src/cache_exchange/tests.rs:412:34
[INFO] [stdout]     |
[INFO] [stdout] 412 |             add_conference: Some(AddConferenceAddConference {
[INFO] [stdout]     |                                  ^^^^^^^^^^^^^^^^^^^^^^^^^^ not found in this scope
[INFO] [stdout] 
[INFO] [stdout] 
[INFO] [stdout] error[E0425]: cannot find value `GetConferences` in this scope
[INFO] [stdout]    --> src/cache_exchange/tests.rs:430:17
[INFO] [stdout]     |
[INFO] [stdout] 430 |                 GetConferences,
[INFO] [stdout]     |                 ^^^^^^^^^^^^^^ not found in this scope
[INFO] [stdout] 
[INFO] [stdout] 
[INFO] [stdout] error[E0422]: cannot find struct, variant or union type `GetConferencesConferences` in this scope
[INFO] [stdout]    --> src/cache_exchange/tests.rs:437:42
[INFO] [stdout]     |
[INFO] [stdout] 437 | ...                   vec.push(GetConferencesConferences {
[INFO] [stdout]     |                                ^^^^^^^^^^^^^^^^^^^^^^^^^ not found in this scope
[INFO] [stdout] 
[INFO] [stdout] 
[INFO] [stdout] error[E0425]: cannot find value `GetConferences` in this scope
[INFO] [stdout]    --> src/cache_exchange/tests.rs:455:17
[INFO] [stdout]     |
[INFO] [stdout] 455 |                 GetConferences,
[INFO] [stdout]     |                 ^^^^^^^^^^^^^^ not found in this scope
[INFO] [stdout] 
[INFO] [stdout] 
[INFO] [stdout] error[E0425]: cannot find value `GetConferences` in this scope
[INFO] [stdout]    --> src/cache_exchange/tests.rs:471:33
[INFO] [stdout]     |
[INFO] [stdout] 471 |     let operation_one = make_op(GetConferences, get_conferences::Variables);
[INFO] [stdout]     |                                 ^^^^^^^^^^^^^^ not found in this scope
[INFO] [stdout] 
[INFO] [stdout] 
[INFO] [stdout] error[E0412]: cannot find type `AddConference` in this scope
[INFO] [stdout]    --> src/cache_exchange/tests.rs:477:30
[INFO] [stdout]     |
[INFO] [stdout] 477 |         let (query, meta) = <AddConference as GraphQLQuery>::build_query(variables_mutation);
[INFO] [stdout]     |                              ^^^^^^^^^^^^^ not found in this scope
[INFO] [stdout] 
[INFO] [stdout] 
[INFO] [stdout] error[E0412]: cannot find type `AddConference` in this scope
[INFO] [stdout]    --> src/cache_exchange/tests.rs:479:34
[INFO] [stdout]     |
[INFO] [stdout] 405 | async fn correctly_clears_on_error() {
[INFO] [stdout]     |                                   - help: you might be missing a type parameter: `<AddConference>`
[INFO] [stdout] ...
[INFO] [stdout] 479 |             .optimistic_result::<AddConference, _>(optimistic)
[INFO] [stdout]     |                                  ^^^^^^^^^^^^^ not found in this scope
[INFO] [stdout] 
[INFO] [stdout] 
[INFO] [stdout] error[E0412]: cannot find type `AddConference` in this scope
[INFO] [stdout]    --> src/cache_exchange/tests.rs:480:23
[INFO] [stdout]     |
[INFO] [stdout] 405 | async fn correctly_clears_on_error() {
[INFO] [stdout]     |                                   - help: you might be missing a type parameter: `<AddConference>`
[INFO] [stdout] ...
[INFO] [stdout] 480 |             .update::<AddConference, _>(update);
[INFO] [stdout]     |                       ^^^^^^^^^^^^^ not found in this scope
[INFO] [stdout] 
[INFO] [stdout] 
[INFO] [stdout] error[E0422]: cannot find struct, variant or union type `GetConferencesConferences` in this scope
[INFO] [stdout]    --> src/cache_exchange/tests.rs:508:40
[INFO] [stdout]     |
[INFO] [stdout] 508 |                 conferences: Some(vec![GetConferencesConferences {
[INFO] [stdout]     |                                        ^^^^^^^^^^^^^^^^^^^^^^^^^ not found in this scope
[INFO] [stdout] 
[INFO] [stdout] 
[INFO] [stdout] error[E0412]: cannot find type `GetConferences` in this scope
[INFO] [stdout]    --> src/cache_exchange/tests.rs:545:16
[INFO] [stdout]     |
[INFO] [stdout] 405 | async fn correctly_clears_on_error() {
[INFO] [stdout]     |                                   - help: you might be missing a type parameter: `<GetConferences>`
[INFO] [stdout] ...
[INFO] [stdout] 545 |         .run::<GetConferences, _>(operation_one.clone(), client.clone())
[INFO] [stdout]     |                ^^^^^^^^^^^^^^ not found in this scope
[INFO] [stdout] 
[INFO] [stdout] 
[INFO] [stdout] error[E0412]: cannot find type `AddConference` in this scope
[INFO] [stdout]    --> src/cache_exchange/tests.rs:549:16
[INFO] [stdout]     |
[INFO] [stdout] 405 | async fn correctly_clears_on_error() {
[INFO] [stdout]     |                                   - help: you might be missing a type parameter: `<AddConference>`
[INFO] [stdout] ...
[INFO] [stdout] 549 |         .run::<AddConference, _>(operation_mutation.clone(), client.clone())
[INFO] [stdout]     |                ^^^^^^^^^^^^^ not found in this scope
[INFO] [stdout] 
[INFO] [stdout] 
[INFO] [stdout] error[E0425]: cannot find value `GetConference` in this scope
[INFO] [stdout]    --> src/cache_exchange/tests.rs:571:9
[INFO] [stdout]     |
[INFO] [stdout] 571 |         GetConference,
[INFO] [stdout]     |         ^^^^^^^^^^^^^ not found in this scope
[INFO] [stdout] 
[INFO] [stdout] 
[INFO] [stdout] error[E0422]: cannot find struct, variant or union type `Variables` in this scope
[INFO] [stdout]    --> src/cache_exchange/tests.rs:572:9
[INFO] [stdout]     |
[INFO] [stdout] 572 |         Variables {
[INFO] [stdout]     |         ^^^^^^^^^ not found in this scope
[INFO] [stdout] 
[INFO] [stdout] 
[INFO] [stdout] error[E0422]: cannot find struct, variant or union type `ResponseData` in this scope
[INFO] [stdout]    --> src/cache_exchange/tests.rs:588:28
[INFO] [stdout]     |
[INFO] [stdout] 588 |             let data_one = ResponseData {
[INFO] [stdout]     |                            ^^^^^^^^^^^^ help: a struct with a similar name exists: `Response`
[INFO] [stdout]     | 
[INFO] [stdout]    ::: /opt/rustwide/cargo-home/registry/src/github.com-1ecc6299db9ec823/artemis-0.1.0-alpha.1/src/lib.rs:240:1
[INFO] [stdout]     |
[INFO] [stdout] 240 | pub struct Response<Data: Clone> {
[INFO] [stdout]     | -------------------------------- similarly named struct `Response` defined here
[INFO] [stdout] 
[INFO] [stdout] 
[INFO] [stdout] error[E0422]: cannot find struct, variant or union type `GetConferenceConference` in this scope
[INFO] [stdout]    --> src/cache_exchange/tests.rs:589:34
[INFO] [stdout]     |
[INFO] [stdout] 589 |                 conference: Some(GetConferenceConference {
[INFO] [stdout]     |                                  ^^^^^^^^^^^^^^^^^^^^^^^ not found in this scope
[INFO] [stdout] 
[INFO] [stdout] 
[INFO] [stdout] error[E0422]: cannot find struct, variant or union type `ResponseData` in this scope
[INFO] [stdout]    --> src/cache_exchange/tests.rs:605:27
[INFO] [stdout]     |
[INFO] [stdout] 605 |     let optimistic_data = ResponseData {
[INFO] [stdout]     |                           ^^^^^^^^^^^^ help: a struct with a similar name exists: `Response`
[INFO] [stdout]     | 
[INFO] [stdout]    ::: /opt/rustwide/cargo-home/registry/src/github.com-1ecc6299db9ec823/artemis-0.1.0-alpha.1/src/lib.rs:240:1
[INFO] [stdout]     |
[INFO] [stdout] 240 | pub struct Response<Data: Clone> {
[INFO] [stdout]     | -------------------------------- similarly named struct `Response` defined here
[INFO] [stdout] 
[INFO] [stdout] 
[INFO] [stdout] error[E0422]: cannot find struct, variant or union type `GetConferenceConference` in this scope
[INFO] [stdout]    --> src/cache_exchange/tests.rs:606:26
[INFO] [stdout]     |
[INFO] [stdout] 606 |         conference: Some(GetConferenceConference {
[INFO] [stdout]     |                          ^^^^^^^^^^^^^^^^^^^^^^^ not found in this scope
[INFO] [stdout] 
[INFO] [stdout] 
[INFO] [stdout] error[E0422]: cannot find struct, variant or union type `ResponseData` in this scope
[INFO] [stdout]    --> src/cache_exchange/tests.rs:614:5
[INFO] [stdout]     |
[INFO] [stdout] 614 |     #[track_with(tracker)]
[INFO] [stdout]     |     ^^^^^^^^^^^^^^^^^^^^^^ help: a struct with a similar name exists: `Response`
[INFO] [stdout]     | 
[INFO] [stdout]    ::: /opt/rustwide/cargo-home/registry/src/github.com-1ecc6299db9ec823/artemis-0.1.0-alpha.1/src/lib.rs:240:1
[INFO] [stdout]     |
[INFO] [stdout] 240 | pub struct Response<Data: Clone> {
[INFO] [stdout]     | -------------------------------- similarly named struct `Response` defined here
[INFO] [stdout] 
[INFO] [stdout] 
[INFO] [stdout] error[E0422]: cannot find struct, variant or union type `GetConferenceConference` in this scope
[INFO] [stdout]    --> src/cache_exchange/tests.rs:614:5
[INFO] [stdout]     |
[INFO] [stdout] 614 |     #[track_with(tracker)]
[INFO] [stdout]     |     ^^^^^^^^^^^^^^^^^^^^^^ not found in this scope
[INFO] [stdout] 
[INFO] [stdout] 
[INFO] [stdout] error[E0412]: cannot find type `GetConference` in this scope
[INFO] [stdout]    --> src/cache_exchange/tests.rs:628:61
[INFO] [stdout]     |
[INFO] [stdout] 564 | async fn follows_optimistic_on_initial_write() {
[INFO] [stdout]     |                                             - help: you might be missing a type parameter: `<GetConference>`
[INFO] [stdout] ...
[INFO] [stdout] 628 |         NormalizedCacheExtension::new().optimistic_result::<GetConference, _>(optimistic);
[INFO] [stdout]     |                                                             ^^^^^^^^^^^^^ not found in this scope
[INFO] [stdout] 
[INFO] [stdout] 
[INFO] [stdout] error[E0412]: cannot find type `GetConference` in this scope
[INFO] [stdout]    --> src/cache_exchange/tests.rs:632:16
[INFO] [stdout]     |
[INFO] [stdout] 564 | async fn follows_optimistic_on_initial_write() {
[INFO] [stdout]     |                                             - help: you might be missing a type parameter: `<GetConference>`
[INFO] [stdout] ...
[INFO] [stdout] 632 |         .run::<GetConference, _>(op_one.clone(), client)
[INFO] [stdout]     |                ^^^^^^^^^^^^^ not found in this scope
[INFO] [stdout] 
[INFO] [stdout] 
[INFO] [stdout] error[E0412]: cannot find type `ResponseData` in this scope
[INFO] [stdout]    --> src/cache_exchange/tests.rs:635:15
[INFO] [stdout]     |
[INFO] [stdout] 635 |     let data: ResponseData = res.unwrap().response.data.unwrap();
[INFO] [stdout]     |               ^^^^^^^^^^^^ help: a struct with a similar name exists: `Response`
[INFO] [stdout]     | 
[INFO] [stdout]    ::: /opt/rustwide/cargo-home/registry/src/github.com-1ecc6299db9ec823/artemis-0.1.0-alpha.1/src/lib.rs:240:1
[INFO] [stdout]     |
[INFO] [stdout] 240 | pub struct Response<Data: Clone> {
[INFO] [stdout]     | -------------------------------- similarly named struct `Response` defined here
[INFO] [stdout] 
[INFO] [stdout] 
[INFO] [stdout] error[E0412]: cannot find type `ResponseData` in this scope
[INFO] [stdout]    --> src/cache_exchange/tests.rs:639:41
[INFO] [stdout]     |
[INFO] [stdout] 639 |     let push_data: (u64, ExchangeResult<ResponseData>) = (
[INFO] [stdout]     |                                         ^^^^^^^^^^^^
[INFO] [stdout]     | 
[INFO] [stdout]    ::: /opt/rustwide/cargo-home/registry/src/github.com-1ecc6299db9ec823/artemis-0.1.0-alpha.1/src/lib.rs:240:1
[INFO] [stdout]     |
[INFO] [stdout] 240 | pub struct Response<Data: Clone> {
[INFO] [stdout]     | -------------------------------- similarly named struct `Response` defined here
[INFO] [stdout]     |
[INFO] [stdout] help: a struct with a similar name exists
[INFO] [stdout]     |
[INFO] [stdout] 639 |     let push_data: (u64, ExchangeResult<Response>) = (
[INFO] [stdout]     |                                         ^^^^^^^^
[INFO] [stdout] help: you might be missing a type parameter
[INFO] [stdout]     |
[INFO] [stdout] 564 | async fn follows_optimistic_on_initial_write<ResponseData>() {
[INFO] [stdout]     |                                             ^^^^^^^^^^^^^^
[INFO] [stdout] 
[INFO] [stdout] 
[INFO] [stdout] warning: unnecessary braces around block return value
[INFO] [stdout]    --> src/cache_exchange/tests.rs:338:5
[INFO] [stdout]     |
[INFO] [stdout] 338 |     #[track_with(tracker)]
[INFO] [stdout]     |     ^^^^^^^^^^^^^^^^^^^^^^ help: remove these braces
[INFO] [stdout]     |
[INFO] [stdout]     = note: `#[warn(unused_braces)]` on by default
[INFO] [stdout] 
[INFO] [stdout] 
[INFO] [stdout] warning: unnecessary braces around block return value
[INFO] [stdout]    --> src/cache_exchange/tests.rs:614:5
[INFO] [stdout]     |
[INFO] [stdout] 614 |     #[track_with(tracker)]
[INFO] [stdout]     |     ^^^^^^^^^^^^^^^^^^^^^^ help: remove these braces
[INFO] [stdout] 
[INFO] [stdout] 
[INFO] [stdout] error: aborting due to 73 previous errors; 2 warnings emitted
[INFO] [stdout] 
[INFO] [stdout] 
[INFO] [stdout] Some errors have detailed explanations: E0412, E0422, E0425, E0433.
[INFO] [stdout] 
[INFO] [stdout] For more information about an error, try `rustc --explain E0412`.
[INFO] [stdout] 
[INFO] [stderr] error: could not compile `artemis-normalized-cache`.
[INFO] [stderr] 
[INFO] [stderr] To learn more, run the command again with --verbose.
[INFO] running `Command { std: "docker" "inspect" "53b8f8e651ad647ac85831135692818415c981ba7804311137c5bfa244b2c3d0", kill_on_drop: false }`
[INFO] running `Command { std: "docker" "rm" "-f" "53b8f8e651ad647ac85831135692818415c981ba7804311137c5bfa244b2c3d0", kill_on_drop: false }`
[INFO] [stdout] 53b8f8e651ad647ac85831135692818415c981ba7804311137c5bfa244b2c3d0
